ose 11 = -3*x + 2*w, -6 = 3*x - 4*w + 7. Calculate the remainder when 63 is divided by g(x).
19
Let u be 3/(-6)*(-1 + -7). Let m(c) = -c**3 + 3*c**2 + 6*c - 4. Let g be m(u). Suppose -b - 78 = -g*b. What is the remainder when 51 is divided by b?
25
Let h = -31 - -86. Let z = 13 + -38. Let i = 3 - z. Calculate the remainder when h is divided by i.
27
Suppose -t + 3*j = -4, -8 = -2*t - 0*t + j. Let v = 41 + -29. Calculate the remainder when v is divided by t.
0
Let p be ((-27)/(-18))/(2/4). Suppose 3*z = -p*y - 6, 37 = 2*z + 2*z - 5*y. Let x = 1 + 2. What is the remainder when x is divided by z?
0
Let c(s) = -2*s + 8. Let q(r) = 2*r - 8. Let z(n) = 6*c(n) + 7*q(n). What is the remainder when 64 is divided by z(15)?
20
Suppose -b + 6*b = -2*s + 58, 4*s = 4*b + 172. Calculate the remainder when 149 is divided by s.
32
Let d(s) = 90*s**2 - 2*s. Let i be d(1). Let m = i - -15. Suppose m = 4*a + 5*u, -a - 3*u + 5*u + 42 = 0. Calculate the remainder when 62 is divided by a.
30
Let f(h) = h**3 + 6*h**2 + 4*h - 5. Let m be f(-5). Let p = -8 + m. Let w = 9 + p. Calculate the remainder when 1 is divided by w.
0
Let v = 727 - 699. Suppose -6*g + 2*g + 40 = 0. Calculate the remainder when v is divided by g.
8
Let k(x) = x**2 + 19*x - 58. Let w = 66 - 27. Calculate the remainder when w is divided by k(-22).
7
Let u = -9 - -72. Suppose 17*x = 14*x + f + 743, 0 = 4*x - 4*f - 988. What is the remainder when x is divided by u?
59
Suppose -3*p = 2*o - 495, -2*o + 39 = 27. Let u(n) = 7*n**2 - 1. What is the remainder when p is divided by u(2)?
26
Let n = 761 - 536. Let a = -156 + n. Calculate the remainder when a is divided by 7.
6
Suppose 4*z + 248 = 2*g + 2*g, -5*g + 298 = z. Calculate the remainder when 1040/g - (2/6 + 0) is divided by 10.
7
Suppose -3*o + 4*c + 36 = 12, c = 3*o - 33. Let v be 5/2*40/25. Suppose v*r - 41 = 91. What is the remainder when r is divided by o?
9
Let t = 73 - 65. Suppose t*b - 4*b = 244. Calculate the remainder when b is divided by 33.
28
Let l be (-1)/2 - 3/(-2). Suppose -p - 12 = -2*n, -7*n = -3*n + 4*p - 48. Let a = n + l. What is the remainder when 26 is divided by a?
8
Let f = 11 + -6. Suppose f*v + 0*z - 427 = -2*z, 0 = -2*z + 2. What is the remainder when v is divided by 1*(-4)/26 + 576/26?
19
Let y(h) = -26*h - 87. Let c be -2*1/2 + 1. Suppose -5*o + 4*g + 111 = 36, 2*o - 3*g - 30 = c. What is the remainder when y(-5) is divided by o?
13
Suppose -3*l = -7*l + 8. Suppose -3*z + 0*z = -144. Suppose -l*h - z = -5*h. Calculate the remainder when 63 is divided by h.
15
Suppose 3*y - 69 = -30. Suppose -40*c + 171 = -31*c. Let t(a) = a**3 - 21*a**2 + 39*a - 12. Calculate the remainder when y is divided by t(c).
6
Let v = 72 - 16. Suppose 3*u + 2 = f, 6*f = 2*f - 4*u + v. What is the remainder when 43 is divided by f?
10
Let f(l) = l**2 - 7*l - 13. Let u be ((-1)/2)/((-9)/198). What is the remainder when f(u) is divided by 8?
7
Suppose 14 = -4*p - 3*p. What is the remainder when 62 is divided by p + 118/5 - 4/(-10)?
18
Let c(s) = -s**2 - 41*s - 36. Calculate the remainder when c(-32) is divided by 23.
22
Suppose -3*d - 1 = 2. Suppose 5 - 28 = a + w, 4*a = 5*w - 128. Let u = d - a. What is the remainder when u is divided by 7?
5
Suppose -3*r - h + 70 + 42 = 0, -2*r + 58 = 4*h. What is the remainder when 105 is divided by r?
27
Let h(p) = 7*p**2 + 2*p - 1. Let v(w) = 2*w - 1. Let n = -133 + 145. Calculate the remainder when v(n) is divided by h(1).
7
Suppose 3*g - 13 = -3*c + c, -3*c + g = -14. Suppose a + 4*a = -l + 27, -109 = -c*l + a. What is the remainder when 61 is divided by l?
17
Let l be (-10)/15 - (-356)/(-6). Calculate the remainder when ((-4)/16*2)/(1/l) is divided by 17.
13
Let d be (1 - 3) + (6 - 4). Suppose -2*v + v + 43 = d. Suppose -3*p + 4*l - v = -101, l + 37 = 2*p. Calculate the remainder when 71 is divided by p.
17
Suppose -129 - 613 = -2*y. Suppose -2*n - v = 28 - 280, -3*n + 2*v = -y. Calculate the remainder when n is divided by 18.
17
Let v = 33 - 19. Suppose -5*r + 259 = -m, r - 480*m - 51 = -479*m. Calculate the remainder when r is divided by v.
10
Suppose 1093*v - 1095*v + 118 = 0. What is the remainder when v is divided by 26?
7
Suppose -2*s + 8*q - 13*q + 4 = 0, -q + 20 = 2*s. Calculate the remainder when 164 is divided by s.
8
Let w = -3 + 5. Let y(k) = 9*k**3 - 2*k**2 + 2*k. Calculate the remainder when y(w) is divided by 10.
8
Suppose -1 = 3*o - 7. Suppose o*x - 47 = -5*r, -3*x = -2*x - 3*r + 4. Let m = -8 + x. What is the remainder when m is divided by 2?
1
Let v = -1 + 101. Calculate the remainder when v is divided by 98.
2
Let s = -1 - 1. Let w be 1 - (-2 - (-168)/s). Suppose -2*x = -0*x - y - 58, 0 = 3*x - 5*y - w. Calculate the remainder when 55 is divided by x.
26
Suppose -5*i = -4*c + 2635, 4*c - 15*i - 2642 = -17*i. Calculate the remainder when c is divided by 17.
14
Let g(x) = 3*x**2 + 3*x - 6. Let u be (10/4)/((20/4)/(-10)). What is the remainder when g(u) is divided by 5?
4
Suppose -608 - 409 = -9*h. Let u = -54 + 92. What is the remainder when h is divided by u?
37
Let o be (7/(-3 + 2))/(-1). Suppose 0 = -5*h + o*h - 16. Suppose 0 = -4*x + 18 + 74. What is the remainder when x is divided by h?
7
Let i be (-39)/65*10/(-3). Suppose 0 = b - i, 49 = -w + 2*w + 3*b. Calculate the remainder when 84 is divided by w.
41
Suppose -10*c = -547 + 107. Suppose 3*d + 5*x = 8*d - 10, -4*d - 5*x + c = 0. What is the remainder when 21 is divided by d?
3
Suppose 14 = -0*d + d. Suppose -4*i = -23 - 45. Suppose 5 = -3*o + i. What is the remainder when d is divided by o?
2
Let r be (1/(-5))/((-2)/10). Let g be ((-6)/(-18))/(r/9). Suppose g*s + 7 = 25. What is the remainder when 8 is divided by s?
2
Let q(i) be the second derivative of i**5/20 + 13*i**4/12 + i**3 + 9*i**2/2 - 6*i - 1. Let g = -41 - -29. Calculate the remainder when q(g) is divided by 28.
25
Let g = 175 + -245. Calculate the remainder when 154 is divided by ((-800)/g)/(2/7).
34
Calculate the remainder when 445 is divided by (217/(-2))/(-1 - 10/(-20)).
11
Let o(r) = 131*r**3 + r**2 - 4*r + 3. Calculate the remainder when o(1) is divided by 17.
12
Let m be (-20)/(-9) + (87/(-27) - -3). Suppose -4*o - 2*l = -50, -2*l - 5 = m*o - 7*l. What is the remainder when (0 - 2)*-1 - -15 is divided by o?
7
Let b be (-3)/6 - (-705)/10. Suppose -2*i = -10, 3*w + i - 6*i = -b. Calculate the remainder when 77 is divided by (100/w)/(2/(-6)).
17
Let v(r) = -r**2 - 23*r - 120. Calculate the remainder when 2*51/6 - -1 is divided by v(-13).
8
Let u = -39 - -196. Let r = -426 - -467. Calculate the remainder when u is divided by r.
34
Let m = -415 + 446. Calculate the remainder when m is divided by 7.
3
Suppose -2*w + 14 = -w. Let o(k) = -3*k - 1. Let n be o(-1). What is the remainder when 51 - 15/(-10)*n is divided by w?
12
What is the remainder when -7 - (-63 + -2 + 0) is divided by 20?
18
Suppose -3*o + 23 = -40. What is the remainder when 252/4 - 2*1 is divided by o?
19
Suppose g + 5*j - 67 = 3*j, 368 = 5*g - j. Suppose -7 - g = -4*d. Calculate the remainder when 57 is divided by d.
17
Let h(r) = -6*r + 3. Let g(j) = -j**3 - 5*j**2 - 11*j - 114. What is the remainder when g(-7) is divided by h(-3)?
19
Let j = -121 - -129. Let u(r) = 2*r - 5. Let z be u(4). Suppose -5*x + g - 28 = -172, -g - 88 = -z*x. What is the remainder when x is divided by j?
4
Let k be (-6)/(2/4*-3). What is the remainder when 2/(k/(-50))*-3 is divided by (-12 - 934/(-30)) + (-4)/30?
18
Suppose -4*l + n = -1618, -5*l + 6*l - 5*n = 395. What is the remainder when l is divided by 29?
28
Calculate the remainder when (1 - (-33)/(-4))/(11/(-484)) is divided by 14.
11
Let x = -2 - 38. Let w = x + 72. Let d = -10 + w. Calculate the remainder when 64 is divided by d.
20
Suppose 0*x + 2*x = 8. Let s(t) = 3*t**2 - 8*t. What is the remainder when 63 is divided by s(x)?
15
Suppose 5*i = 2*g + 62, 0 = -5*g - 5*i - 166 - 59. Let y = -222 + 165. Let m = g - y. What is the remainder when m is divided by 6?
4
What is the remainder when 1064 is divided by 2/(-8) + (-4620)/(-112)?
39
Suppose 3803*k + 906 = 3806*k. What is the remainder when k is divided by 17?
13
Let z(n) = n**3 - 2*n**2 + n + 1. Let r be z(2). Suppose -8 = i + r*i. Calculate the remainder when 39 is divided by 14 - 8/(-4)*i.
9
Suppose 5 = t - 2